composite?
False
Is 1229783 a prime number?
True
Is 33295 a composite number?
True
Is 339639 prime?
False
Is 37033 a composite number?
True
Is 212987 composite?
False
Is 12718 a prime number?
False
Is 448531 a prime number?
True
Is 56801 a composite number?
True
Is 2380631 composite?
True
Is 21283 a composite number?
False
Is 58759 composite?
True
Is 42709 a composite number?
False
Is 391451 composite?
False
Is 22837 composite?
True
Is 599234 prime?
False
Is 1420879 a composite number?
False
Is 129379 a prime number?
True
Is 54569 prime?
False
Is 2017987 a prime number?
True
Is 2306179 prime?
True
Is 116411 prime?
True
Is 56647 composite?
True
Is 3343 a prime number?
True
Is 5951 a composite number?
True
Is 287657 a prime number?
False
Is 916733 prime?
True
Is 49709 a composite number?
True
Is 5737 a composite number?
False
Is 161537 prime?
False
Is 152842 a prime number?
False
Is 12895 a prime number?
False
Is 489377 a prime number?
False
Is 5435 prime?
False
Is 36215 a composite number?
True
Is 48499 a prime number?
False
Is 16529 prime?
True
Is 257039 a composite number?
True
Is 37951 composite?
False
Is 551105 prime?
False
Is 177999 a composite number?
True
Is 21145 composite?
True
Is 41879 a composite number?
False
Is 122267 a prime number?
True
Is 1399 prime?
True
Is 221153 a composite number?
True
Is 1607135 a prime number?
False
Is 191713 a composite number?
True
Is 476737 a composite number?
False
Is 179851 prime?
False
Is 55681 a composite number?
False
Is 647 a prime number?
True
Is 1759 composite?
False
Is 69809 composite?
False
Is 5223 a prime number?
False
Is 98317 a composite number?
False
Is 42649 a composite number?
False
Is 2453 a composite number?
True
Is 31767 a composite number?
True
Is 452377 prime?
True
Is 20707 prime?
True
Is 21427 composite?
True
Is 3779 composite?
False
Is 3967 prime?
True
Is 41339 a prime number?
False
Is 28751 a prime number?
True
Is 517261 prime?
True
Is 260569 a prime number?
True
Is 497 composite?
True
Is 49499 a composite number?
False
Is 844862 prime?
False
Is 40543 prime?
True
Is 8135 a composite number?
True
Is 11669 a prime number?
False
Is 257 a composite number?
False
Is 10811 a composite number?
True
Is 510529 prime?
True
Is 26639 composite?
True
Is 343517 composite?
False
Is 254903 composite?
True
Is 17093 a prime number?
True
Is 10499 a composite number?
False
Is 22353 a composite number?
True
Is 5557 composite?
False
Is 768961 a prime number?
False
Is 18059 a prime number?
True
Is 8297493 a prime number?
False
Is 298271 composite?
True
Is 116255 prime?
False
Is 69877 a composite number?
False
Is 861391 a composite number?
False
Is 8887 composite?
False
Is 7961 composite?
True
Is 5677727 a composite number?
True
Is 39521 a prime number?
True
Is 65 prime?
False
Is 721363 prime?
True
Is 208019 prime?
False
Is 45007 a prime number?
True
Is 16249 a prime number?
True
Is 1690649 composite?
True
Is 613765 a prime number?
False
Is 6667 composite?
True
Is 755087 composite?
False
Is 132659 a prime number?
False
Is 766189 prime?
False
Is 19373 prime?
True
Is 392005 a composite number?
True
Is 10381 a composite number?
True
Is 199337 prime?
True
Is 8851 composite?
True
Is 122662 prime?
False
Is 6947 prime?
True
Is 13637 prime?
False
Is 15467 prime?
True
Is 37033 prime?
False
Is 311381 composite?
True
Is 16127 a composite number?
False
Is 9293 composite?
False
Is 37781 prime?
True
Is 1009 a prime number?
True
Is 2741 a prime number?
True
Is 152809 prime?
True
Is 36103 a composite number?
True
Is 4861 prime?
True
Is 41095 prime?
False
Is 173962 composite?
True
Is 2577167 a prime number?
True
Is 63573 a prime number?
False
Is 127343 a composite number?
False
Is 53617 a composite number?
False
Is 72515 prime?
False
Is 3517 a prime number?
True
Is 790991 a prime number?
True
Is 64271 a composite number?
False
Is 468961 a composite number?
True
Is 13841 a prime number?
True
Is 7993 composite?
False
Is 1704341 a composite number?
True
Is 8251 a prime number?
False
Is 911566 composite?
True
Is 178949 composite?
True
Is 10358 a prime number?
False
Is 1709 a composite number?
False
Is 19191 a prime number?
False
Is 5807 prime?
True
Is 8263 a composite number?
False
Is 7781 a composite number?
True
Is 41771 composite?
False
Is 37403 composite?
True
Is 68387 a prime number?
False
Is 29905 a composite number?
True
Is 1493313 composite?
True
Is 56647 a composite number?
True
Is 414629 prime?
True
Is 264487 a prime number?
True
Is 50581 prime?
True
Is 5221 a prime number?
False
Is 395429 prime?
True
Is 141157 composite?
False
Is 557 a composite number?
False
Is 4661 prime?
False
Is 1657 a prime number?
True
Is 30729 a composite number?
True
Is 5431 prime?
True
Is 7639 a prime number?
True
Is 297967 a prime number?
True
Is 541 composite?
False
Is 126421 composite?
False
Is 38618 composite?
True
Is 11159 a prime number?
True
Is 2053 a composite number?
False
Is 2777 composite?
False
Is 17943 a prime number?
False
Is 1025611 a prime number?
True
Is 136189 a prime number?
True
Is 55549 a prime number?
False
Is 35417 a composite number?
True
Is 8730691 composite?
False
Is 179317 a prime number?
True
Is 369521 prime?
False
Is 12494 composite?
True
Is 4421 a prime number?
True
Is 32639 a composite number?
True
Is 44297 a prime number?
False
Is 3782803 prime?
True
Is 7061 a composite number?
True
Is 276647 prime?
False
Is 19814 prime?
False
Is 8333 a composite number?
True
Is 19661 a prime number?
True
Is 222707 a prime number?
True
Is 117529 a prime number?
True
Is 1565661 a prime number?
False
Is 14961 prime?
False
Is 39659 prime?
True
Is 101217 a prime number?
False
Is 134801 composite?
True
Is 172997 composite?
True
Is 222533 composite?
False
Is 5617 a composite number?
True
Is 87817 prime?
False
Is 37397 a composite number?
False
Is 1080713 a composite number?
False
Is 16127 composite?
False
Is 252079 a prime number?
True
Is 7827 composite?
True
Is 5773 a prime number?
False
Is 269429 composite?
False
Is 2225209 prime?
False
Is 30043 a prime number?
False
Is 12115 a prime number?
False
Is 1361 composite?
False
Is 34603 a composite number?
False
Is 5057 a prime number?
False
Is 76871 composite?
False
Is 156487 a prime number?
True
Is 49501 composite?
True
Is 101991 prime?
False
Is 2419 a composite number?
True
Is 2710769 composite?
True
Is 20177 composite?
False
Is 148093 a prime number?
False
Is 646463 a composite number?
True
Is 230091 composite?
True
Is 1693 a composite number?
False
Is 16273 prime?
True
Is 1291523 composite?
False
Is 17203 a composite number?
False
Is 14741 prime?
True
Is 2194 prime?
False
Is 263539 composite?
True
Is 1431109 a prime number?
False
Is 1322 prime?
False
Is 223205 composite?
True
Is 1345237 composite?
True
Is 5333 prime?
True
Is 90887 a composite number?
False
Is 57899 prime?
True
Is 92629 composite?
True
Is 48337 composite?
False
Is 1717 a prime number?
False
Is 195443 a composite number?
False
Is 3821 composite?
False
Is 107563 prime?
True
Is 21623 composite?
True
Is 77635 a prime number?
False
Is 22901 a prime number?
True
Is 549127 a prime number?
False
Is 41257 composite?
False
Is 196563 a composite number?
True
Is 42715 a prime number?
False
Is 51109 a prime number?
True
Is 840053 prime?
True
Is 940791 composite?
True
Is 447677 a prime number?
True
Is 3320215 composite?
True
Is 2521 a prime number?
True
Is 28429 a prime number?
True
Is 5813 a prime number?
True
Is 160359 prime?
False
Is 1166393 a composite number?
False
Is 25903 prime?
True
Is 743 a composite number?
False
Is 30019 composite?
True
Is 3 a prime number?
True
Is 1061 composite?
False
Is 10007 a prime number?
True
Is 402271 prime?
False
Is 21955 a composite number?
True
Is 4001 prime?
True
Is 34363 a prime number?
False
Is 208729 a composite number?
False
Is 541 prime?
True
Is 1713 a composite number?
True
Is 46261 prime?
True
Is 375029 a composite number?
False
Is 33407 a composite number?
True
Is 142733 prime?
True
Is 55831 composite?
True
Is 2441771 a composite number?
True
Is 383209 a composite number?
True
Is 64346 prime?
False
Is 127 a composite number?
False
Is 4409 a composite number?
False
Is 500831 prime?
True
Is 435103 composite?
False
Is 194 a prime number?
False
Is 4939 a prime number?
False
Is 